{"id":632,"date":"2023-06-14T22:37:44","date_gmt":"2023-06-14T20:37:44","guid":{"rendered":"https:\/\/worldofpaint.fun\/?post_type=product&#038;p=632"},"modified":"2025-01-15T08:33:43","modified_gmt":"2025-01-15T07:33:43","slug":"forfait-anniv-paintball","status":"publish","type":"product","link":"https:\/\/worldofpaint.fun\/index.php\/product\/forfait-anniv-paintball\/","title":{"rendered":"Forfait anniv paintball"},"content":{"rendered":"<p><span style=\"font-weight: 400;\">Forfait \u00ab\u00a0Ultimate Paintball Battle\u00a0\u00bb A partir de 13 ans\u00a0 :<\/span><\/p>\n<p><span style=\"font-weight: 400;\">Dur\u00e9e : 3 heures.<\/span><\/p>\n<p><span style=\"font-weight: 400;\">Activit\u00e9s : Jeux comp\u00e9titifs de paintball.<br \/>\n<\/span><span style=\"font-weight: 400;\">\u00c9quipement : Marqueurs de paintball standard, masques de protection, plastron sur demande .<\/span><\/p>\n<p><span style=\"font-weight: 400;\">Inclus :<\/span><\/p>\n<p><span style=\"font-weight: 400;\">Animation et supervision pendant les activit\u00e9s.<br \/>\n<\/span><span style=\"font-weight: 400;\">Fournitures pour les activit\u00e9s.<\/span><\/p>\n<p><span style=\"font-weight: 400;\">2000 billes inclus<br \/>\n<\/span><span style=\"font-weight: 400;\">Go\u00fbter (biscuit , Cake , bonbon ect)<br \/>\n<\/span><span style=\"font-weight: 400;\">Boissons (jus,soda, eau) pendant l&rsquo;\u00e9v\u00e9nement.<br \/>\n<\/span><\/p>\n<p><span style=\"font-weight: 400;\">Capacit\u00e9 maximale : 20 participants.<\/span><\/p>\n<p><span style=\"font-weight: 400;\">Prix : 60 euros par participant.<\/span><\/p>\n<p><span style=\"font-weight: 400;\">5 \u20ac par accompagnant\u00a0 non joueur ( g\u00e2teau, soft )<\/span><\/p>\n","protected":false},"excerpt":{"rendered":"<p><span style=\"font-weight: 400;\">Forfait \u00ab\u00a0Ultimate Paintball Battle\u00a0\u00bb A partir de 13 ans\u00a0 :<\/span><\/p>\n<p><span style=\"font-weight: 400;\">Dur\u00e9e : 3 heures.<\/span><\/p>\n<p><span style=\"font-weight: 400;\">Activit\u00e9s : Jeux comp\u00e9titifs de paintball.<br \/>\n<\/span><span style=\"font-weight: 400;\">\u00c9quipement : Marqueurs de paintball standard, masques de protection, plastron sur demande .<\/span><\/p>\n<p><span style=\"font-weight: 400;\"><span style=\"vertical-align: inherit;\"><span style=\"vertical-align: inherit;\">Inclus :<\/span><\/span><\/span><\/p>\n<p><span style=\"font-weight: 400;\"><span style=\"vertical-align: inherit;\"><span style=\"vertical-align: inherit;\">Animation et supervision pendant les activit\u00e9s.<\/span><\/span><br \/>\n<\/span><span style=\"font-weight: 400;\"><span style=\"vertical-align: inherit;\"><span style=\"vertical-align: inherit;\">Fournitures pour les activit\u00e9s.<\/span><\/span><\/span><\/p>\n<p><span style=\"font-weight: 400;\"><span style=\"vertical-align: inherit;\"><span style=\"vertical-align: inherit;\">2000 billes inclus\u00a0<\/span><\/span><br \/>\n<\/span><span style=\"font-weight: 400;\"><span style=\"vertical-align: inherit;\"><span style=\"vertical-align: inherit;\">Go\u00fbter (biscuit , Cake , bonbon ect).<\/span><\/span><br \/>\n<\/span><span style=\"font-weight: 400;\"><span style=\"vertical-align: inherit;\"><span style=\"vertical-align: inherit;\">Boissons (jus,soda, eau) pendant l&rsquo;\u00e9v\u00e9nement.<\/span><\/span><br \/>\n<\/span><\/p>\n<p><span style=\"font-weight: 400;\"><span style=\"vertical-align: inherit;\"><span style=\"vertical-align: inherit;\"><span style=\"vertical-align: inherit;\"><span style=\"vertical-align: inherit;\">Capacit\u00e9 maximale : 20 participants.<\/span><\/span><\/span><\/span><\/span><\/p>\n<p><span style=\"font-weight: 400;\"><span style=\"vertical-align: inherit;\"><span style=\"vertical-align: inherit;\"><span style=\"vertical-align: inherit;\"><span style=\"vertical-align: inherit;\">Prix : 60 euros par participant.<\/span><\/span><\/span><\/span><\/span><\/p>\n<p><span style=\"font-weight: 400;\"><span style=\"vertical-align: inherit;\"><span style=\"vertical-align: inherit;\"><span style=\"vertical-align: inherit;\"><span style=\"vertical-align: inherit;\">5 \u20ac par accompagnant\u00a0 non joueur ( g\u00e2teau, soft )<\/span><\/span><\/span><\/span><\/span><\/p>\n","protected":false},"featured_media":454,"template":"","meta":[],"product_brand":[],"product_cat":[40],"product_tag":[],"class_list":{"0":"post-632","1":"product","2":"type-product","3":"status-publish","4":"has-post-thumbnail","6":"product_cat-reservation","8":"first","9":"instock","10":"virtual","11":"sold-individually","12":"taxable","13":"purchasable","14":"product-type-reservation"},"yoast_head":"<!-- This site is optimized with the Yoast SEO plugin v27.4 - https:\/\/yoast.com\/product\/yoast-seo-wordpress\/ -->\n<title>Forfait anniv paintball - World of aventure<\/title>\n<meta name=\"description\" content=\"C\u00e9l\u00e9brez un anniversaire m\u00e9morable avec nos formules sp\u00e9ciales d&#039;anniversaires paintball.Offrez \u00e0 votre enfant une journ\u00e9e d&#039;action et de divertissement\" \/>\n<meta name=\"robots\" content=\"index, follow, max-snippet:-1, max-image-preview:large, max-video-preview:-1\" \/>\n<link rel=\"canonical\" href=\"https:\/\/worldofpaint.fun\/index.php\/product\/forfait-anniv-paintball\/\" \/>\n<meta property=\"og:locale\" content=\"fr_FR\" \/>\n<meta property=\"og:type\" content=\"article\" \/>\n<meta property=\"og:title\" content=\"Forfait anniv paintball - World of aventure\" \/>\n<meta property=\"og:description\" content=\"C\u00e9l\u00e9brez un anniversaire m\u00e9morable avec nos formules sp\u00e9ciales d&#039;anniversaires paintball.Offrez \u00e0 votre enfant une journ\u00e9e d&#039;action et de divertissement\" \/>\n<meta property=\"og:url\" content=\"https:\/\/worldofpaint.fun\/index.php\/product\/forfait-anniv-paintball\/\" \/>\n<meta property=\"og:site_name\" content=\"World of aventure\" \/>\n<meta property=\"article:publisher\" content=\"https:\/\/www.facebook.com\/profile.php?id=100089567262244\" \/>\n<meta property=\"article:modified_time\" content=\"2025-01-15T07:33:43+00:00\" \/>\n<meta property=\"og:image\" content=\"https:\/\/worldofpaint.fun\/wp-content\/uploads\/2023\/06\/i120992-gateau-anniversaire-e1686684551563.jpeg\" \/>\n\t<meta property=\"og:image:width\" content=\"385\" \/>\n\t<meta property=\"og:image:height\" content=\"357\" \/>\n\t<meta property=\"og:image:type\" content=\"image\/jpeg\" \/>\n<meta name=\"twitter:card\" content=\"summary_large_image\" \/>\n<meta name=\"twitter:label1\" content=\"Dur\u00e9e de lecture estim\u00e9e\" \/>\n\t<meta name=\"twitter:data1\" content=\"1 minute\" \/>\n<script type=\"application\/ld+json\" class=\"yoast-schema-graph\">{\"@context\":\"https:\\\/\\\/schema.org\",\"@graph\":[{\"@type\":\"WebPage\",\"@id\":\"https:\\\/\\\/worldofpaint.fun\\\/index.php\\\/product\\\/forfait-anniv-paintball\\\/\",\"url\":\"https:\\\/\\\/worldofpaint.fun\\\/index.php\\\/product\\\/forfait-anniv-paintball\\\/\",\"name\":\"Forfait anniv paintball - World of aventure\",\"isPartOf\":{\"@id\":\"https:\\\/\\\/worldofpaint.fun\\\/#website\"},\"primaryImageOfPage\":{\"@id\":\"https:\\\/\\\/worldofpaint.fun\\\/index.php\\\/product\\\/forfait-anniv-paintball\\\/#primaryimage\"},\"image\":{\"@id\":\"https:\\\/\\\/worldofpaint.fun\\\/index.php\\\/product\\\/forfait-anniv-paintball\\\/#primaryimage\"},\"thumbnailUrl\":\"https:\\\/\\\/i0.wp.com\\\/worldofpaint.fun\\\/wp-content\\\/uploads\\\/2023\\\/06\\\/i120992-gateau-anniversaire-e1686684551563.jpeg?fit=385%2C357&ssl=1\",\"datePublished\":\"2023-06-14T20:37:44+00:00\",\"dateModified\":\"2025-01-15T07:33:43+00:00\",\"description\":\"C\u00e9l\u00e9brez un anniversaire m\u00e9morable avec nos formules sp\u00e9ciales d'anniversaires paintball.Offrez \u00e0 votre enfant une journ\u00e9e d'action et de divertissement\",\"breadcrumb\":{\"@id\":\"https:\\\/\\\/worldofpaint.fun\\\/index.php\\\/product\\\/forfait-anniv-paintball\\\/#breadcrumb\"},\"inLanguage\":\"fr-FR\",\"potentialAction\":[{\"@type\":\"ReadAction\",\"target\":[\"https:\\\/\\\/worldofpaint.fun\\\/index.php\\\/product\\\/forfait-anniv-paintball\\\/\"]}]},{\"@type\":\"ImageObject\",\"inLanguage\":\"fr-FR\",\"@id\":\"https:\\\/\\\/worldofpaint.fun\\\/index.php\\\/product\\\/forfait-anniv-paintball\\\/#primaryimage\",\"url\":\"https:\\\/\\\/i0.wp.com\\\/worldofpaint.fun\\\/wp-content\\\/uploads\\\/2023\\\/06\\\/i120992-gateau-anniversaire-e1686684551563.jpeg?fit=385%2C357&ssl=1\",\"contentUrl\":\"https:\\\/\\\/i0.wp.com\\\/worldofpaint.fun\\\/wp-content\\\/uploads\\\/2023\\\/06\\\/i120992-gateau-anniversaire-e1686684551563.jpeg?fit=385%2C357&ssl=1\",\"width\":385,\"height\":357},{\"@type\":\"BreadcrumbList\",\"@id\":\"https:\\\/\\\/worldofpaint.fun\\\/index.php\\\/product\\\/forfait-anniv-paintball\\\/#breadcrumb\",\"itemListElement\":[{\"@type\":\"ListItem\",\"position\":1,\"name\":\"Accueil\",\"item\":\"https:\\\/\\\/worldofpaint.fun\\\/\"},{\"@type\":\"ListItem\",\"position\":2,\"name\":\"Produits\",\"item\":\"https:\\\/\\\/worldofpaint.fun\\\/index.php\\\/shop\\\/\"},{\"@type\":\"ListItem\",\"position\":3,\"name\":\"Forfait anniv paintball\"}]},{\"@type\":\"WebSite\",\"@id\":\"https:\\\/\\\/worldofpaint.fun\\\/#website\",\"url\":\"https:\\\/\\\/worldofpaint.fun\\\/\",\"name\":\"World of aventure\",\"description\":\"\",\"publisher\":{\"@id\":\"https:\\\/\\\/worldofpaint.fun\\\/#organization\"},\"potentialAction\":[{\"@type\":\"SearchAction\",\"target\":{\"@type\":\"EntryPoint\",\"urlTemplate\":\"https:\\\/\\\/worldofpaint.fun\\\/?s={search_term_string}\"},\"query-input\":{\"@type\":\"PropertyValueSpecification\",\"valueRequired\":true,\"valueName\":\"search_term_string\"}}],\"inLanguage\":\"fr-FR\"},{\"@type\":\"Organization\",\"@id\":\"https:\\\/\\\/worldofpaint.fun\\\/#organization\",\"name\":\"World of paintball\",\"url\":\"https:\\\/\\\/worldofpaint.fun\\\/\",\"logo\":{\"@type\":\"ImageObject\",\"inLanguage\":\"fr-FR\",\"@id\":\"https:\\\/\\\/worldofpaint.fun\\\/#\\\/schema\\\/logo\\\/image\\\/\",\"url\":\"https:\\\/\\\/worldofpaint.fun\\\/wp-content\\\/uploads\\\/2023\\\/05\\\/logo-1679993758.png\",\"contentUrl\":\"https:\\\/\\\/worldofpaint.fun\\\/wp-content\\\/uploads\\\/2023\\\/05\\\/logo-1679993758.png\",\"width\":300,\"height\":100,\"caption\":\"World of paintball\"},\"image\":{\"@id\":\"https:\\\/\\\/worldofpaint.fun\\\/#\\\/schema\\\/logo\\\/image\\\/\"},\"sameAs\":[\"https:\\\/\\\/www.facebook.com\\\/profile.php?id=100089567262244\"]}]}<\/script>\n<!-- \/ Yoast SEO plugin. -->","yoast_head_json":{"title":"Forfait anniv paintball - World of aventure","description":"C\u00e9l\u00e9brez un anniversaire m\u00e9morable avec nos formules sp\u00e9ciales d'anniversaires paintball.Offrez \u00e0 votre enfant une journ\u00e9e d'action et de divertissement","robots":{"index":"index","follow":"follow","max-snippet":"max-snippet:-1","max-image-preview":"max-image-preview:large","max-video-preview":"max-video-preview:-1"},"canonical":"https:\/\/worldofpaint.fun\/index.php\/product\/forfait-anniv-paintball\/","og_locale":"fr_FR","og_type":"article","og_title":"Forfait anniv paintball - World of aventure","og_description":"C\u00e9l\u00e9brez un anniversaire m\u00e9morable avec nos formules sp\u00e9ciales d'anniversaires paintball.Offrez \u00e0 votre enfant une journ\u00e9e d'action et de divertissement","og_url":"https:\/\/worldofpaint.fun\/index.php\/product\/forfait-anniv-paintball\/","og_site_name":"World of aventure","article_publisher":"https:\/\/www.facebook.com\/profile.php?id=100089567262244","article_modified_time":"2025-01-15T07:33:43+00:00","og_image":[{"width":385,"height":357,"url":"https:\/\/worldofpaint.fun\/wp-content\/uploads\/2023\/06\/i120992-gateau-anniversaire-e1686684551563.jpeg","type":"image\/jpeg"}],"twitter_card":"summary_large_image","twitter_misc":{"Dur\u00e9e de lecture estim\u00e9e":"1 minute"},"schema":{"@context":"https:\/\/schema.org","@graph":[{"@type":"WebPage","@id":"https:\/\/worldofpaint.fun\/index.php\/product\/forfait-anniv-paintball\/","url":"https:\/\/worldofpaint.fun\/index.php\/product\/forfait-anniv-paintball\/","name":"Forfait anniv paintball - World of aventure","isPartOf":{"@id":"https:\/\/worldofpaint.fun\/#website"},"primaryImageOfPage":{"@id":"https:\/\/worldofpaint.fun\/index.php\/product\/forfait-anniv-paintball\/#primaryimage"},"image":{"@id":"https:\/\/worldofpaint.fun\/index.php\/product\/forfait-anniv-paintball\/#primaryimage"},"thumbnailUrl":"https:\/\/i0.wp.com\/worldofpaint.fun\/wp-content\/uploads\/2023\/06\/i120992-gateau-anniversaire-e1686684551563.jpeg?fit=385%2C357&ssl=1","datePublished":"2023-06-14T20:37:44+00:00","dateModified":"2025-01-15T07:33:43+00:00","description":"C\u00e9l\u00e9brez un anniversaire m\u00e9morable avec nos formules sp\u00e9ciales d'anniversaires paintball.Offrez \u00e0 votre enfant une journ\u00e9e d'action et de divertissement","breadcrumb":{"@id":"https:\/\/worldofpaint.fun\/index.php\/product\/forfait-anniv-paintball\/#breadcrumb"},"inLanguage":"fr-FR","potentialAction":[{"@type":"ReadAction","target":["https:\/\/worldofpaint.fun\/index.php\/product\/forfait-anniv-paintball\/"]}]},{"@type":"ImageObject","inLanguage":"fr-FR","@id":"https:\/\/worldofpaint.fun\/index.php\/product\/forfait-anniv-paintball\/#primaryimage","url":"https:\/\/i0.wp.com\/worldofpaint.fun\/wp-content\/uploads\/2023\/06\/i120992-gateau-anniversaire-e1686684551563.jpeg?fit=385%2C357&ssl=1","contentUrl":"https:\/\/i0.wp.com\/worldofpaint.fun\/wp-content\/uploads\/2023\/06\/i120992-gateau-anniversaire-e1686684551563.jpeg?fit=385%2C357&ssl=1","width":385,"height":357},{"@type":"BreadcrumbList","@id":"https:\/\/worldofpaint.fun\/index.php\/product\/forfait-anniv-paintball\/#breadcrumb","itemListElement":[{"@type":"ListItem","position":1,"name":"Accueil","item":"https:\/\/worldofpaint.fun\/"},{"@type":"ListItem","position":2,"name":"Produits","item":"https:\/\/worldofpaint.fun\/index.php\/shop\/"},{"@type":"ListItem","position":3,"name":"Forfait anniv paintball"}]},{"@type":"WebSite","@id":"https:\/\/worldofpaint.fun\/#website","url":"https:\/\/worldofpaint.fun\/","name":"World of aventure","description":"","publisher":{"@id":"https:\/\/worldofpaint.fun\/#organization"},"potentialAction":[{"@type":"SearchAction","target":{"@type":"EntryPoint","urlTemplate":"https:\/\/worldofpaint.fun\/?s={search_term_string}"},"query-input":{"@type":"PropertyValueSpecification","valueRequired":true,"valueName":"search_term_string"}}],"inLanguage":"fr-FR"},{"@type":"Organization","@id":"https:\/\/worldofpaint.fun\/#organization","name":"World of paintball","url":"https:\/\/worldofpaint.fun\/","logo":{"@type":"ImageObject","inLanguage":"fr-FR","@id":"https:\/\/worldofpaint.fun\/#\/schema\/logo\/image\/","url":"https:\/\/worldofpaint.fun\/wp-content\/uploads\/2023\/05\/logo-1679993758.png","contentUrl":"https:\/\/worldofpaint.fun\/wp-content\/uploads\/2023\/05\/logo-1679993758.png","width":300,"height":100,"caption":"World of paintball"},"image":{"@id":"https:\/\/worldofpaint.fun\/#\/schema\/logo\/image\/"},"sameAs":["https:\/\/www.facebook.com\/profile.php?id=100089567262244"]}]}},"_links":{"self":[{"href":"https:\/\/worldofpaint.fun\/index.php\/wp-json\/wp\/v2\/product\/632","targetHints":{"allow":["GET"]}}],"collection":[{"href":"https:\/\/worldofpaint.fun\/index.php\/wp-json\/wp\/v2\/product"}],"about":[{"href":"https:\/\/worldofpaint.fun\/index.php\/wp-json\/wp\/v2\/types\/product"}],"wp:featuredmedia":[{"embeddable":true,"href":"https:\/\/worldofpaint.fun\/index.php\/wp-json\/wp\/v2\/media\/454"}],"wp:attachment":[{"href":"https:\/\/worldofpaint.fun\/index.php\/wp-json\/wp\/v2\/media?parent=632"}],"wp:term":[{"taxonomy":"product_brand","embeddable":true,"href":"https:\/\/worldofpaint.fun\/index.php\/wp-json\/wp\/v2\/product_brand?post=632"},{"taxonomy":"product_cat","embeddable":true,"href":"https:\/\/worldofpaint.fun\/index.php\/wp-json\/wp\/v2\/product_cat?post=632"},{"taxonomy":"product_tag","embeddable":true,"href":"https:\/\/worldofpaint.fun\/index.php\/wp-json\/wp\/v2\/product_tag?post=632"}],"curies":[{"name":"wp","href":"https:\/\/api.w.org\/{rel}","templated":true}]}}